[INFO] fetching crate omnistreams 0.1.0...
[INFO] checking omnistreams-0.1.0 against master#af3c6e733a40e671550e0f0f5aeecaa13772ba56 for pr-74989
[INFO] extracting crate omnistreams 0.1.0 into /workspace/builds/worker-0/source
[INFO] validating manifest of crates.io crate omnistreams 0.1.0 on toolchain af3c6e733a40e671550e0f0f5aeecaa13772ba56
[INFO] running `Command { std: "/workspace/cargo-home/bin/cargo" "+af3c6e733a40e671550e0f0f5aeecaa13772ba56" "read-manifest" "--manifest-path" "Cargo.toml", kill_on_drop: false }`
[INFO] started tweaking crates.io crate omnistreams 0.1.0
[INFO] finished tweaking crates.io crate omnistreams 0.1.0
[INFO] tweaked toml for crates.io crate omnistreams 0.1.0 written to /workspace/builds/worker-0/source/Cargo.toml
[INFO] running `Command { std: "/workspace/cargo-home/bin/cargo" "+af3c6e733a40e671550e0f0f5aeecaa13772ba56" "generate-lockfile" "--manifest-path" "Cargo.toml" "-Zno-index-update", kill_on_drop: false }`
[INFO] [stderr]     Blocking waiting for file lock on package cache
[INFO] running `Command { std: "/workspace/cargo-home/bin/cargo" "+af3c6e733a40e671550e0f0f5aeecaa13772ba56" "fetch" "--locked" "--manifest-path" "Cargo.toml", kill_on_drop: false }`
[INFO] [stderr]     Blocking waiting for file lock on package cache
[INFO] [stderr]     Blocking waiting for file lock on package cache
[INFO] running `Command { std: "docker" "create" "-v" "/var/lib/crater-agent-workspace/builds/worker-0/target:/opt/rustwide/target:rw,Z" "-v" "/var/lib/crater-agent-workspace/builds/worker-0/source:/opt/rustwide/workdir:ro,Z" "-v" "/var/lib/crater-agent-workspace/cargo-home:/opt/rustwide/cargo-home:ro,Z" "-v" "/var/lib/crater-agent-workspace/rustup-home:/opt/rustwide/rustup-home:ro,Z" "-e" "SOURCE_DIR=/opt/rustwide/workdir" "-e" "CARGO_TARGET_DIR=/opt/rustwide/target" "-e" "CARGO_HOME=/opt/rustwide/cargo-home" "-e" "RUSTUP_HOME=/opt/rustwide/rustup-home" "-w" "/opt/rustwide/workdir" "-m" "1610612736" "--user" "0:0" "--network" "none" "rustops/crates-build-env@sha256:d92eaeed33fa75130ca1ee6c8a01d1ffb62bac859dfdfb3450e3e5d1c0146529" "/opt/rustwide/cargo-home/bin/cargo" "+af3c6e733a40e671550e0f0f5aeecaa13772ba56" "metadata" "--no-deps" "--format-version=1", kill_on_drop: false }`
[INFO] [stderr] WARNING: Your kernel does not support swap limit capabilities or the cgroup is not mounted. Memory limited without swap.
[INFO] [stdout] 4bddd17ea5a5c0e25cc6302769c0a98be4cef81aeb78d7f87a3a98c02f921620
[INFO] running `Command { std: "docker" "start" "-a" "4bddd17ea5a5c0e25cc6302769c0a98be4cef81aeb78d7f87a3a98c02f921620", kill_on_drop: false }`
[INFO] running `Command { std: "docker" "inspect" "4bddd17ea5a5c0e25cc6302769c0a98be4cef81aeb78d7f87a3a98c02f921620", kill_on_drop: false }`
[INFO] running `Command { std: "docker" "rm" "-f" "4bddd17ea5a5c0e25cc6302769c0a98be4cef81aeb78d7f87a3a98c02f921620", kill_on_drop: false }`
[INFO] [stdout] 4bddd17ea5a5c0e25cc6302769c0a98be4cef81aeb78d7f87a3a98c02f921620
[INFO] running `Command { std: "docker" "create" "-v" "/var/lib/crater-agent-workspace/builds/worker-0/target:/opt/rustwide/target:rw,Z" "-v" "/var/lib/crater-agent-workspace/builds/worker-0/source:/opt/rustwide/workdir:ro,Z" "-v" "/var/lib/crater-agent-workspace/cargo-home:/opt/rustwide/cargo-home:ro,Z" "-v" "/var/lib/crater-agent-workspace/rustup-home:/opt/rustwide/rustup-home:ro,Z" "-e" "SOURCE_DIR=/opt/rustwide/workdir" "-e" "CARGO_TARGET_DIR=/opt/rustwide/target" "-e" "CARGO_INCREMENTAL=0" "-e" "RUST_BACKTRACE=full" "-e" "RUSTFLAGS=--cap-lints=forbid" "-e" "CARGO_HOME=/opt/rustwide/cargo-home" "-e" "RUSTUP_HOME=/opt/rustwide/rustup-home" "-w" "/opt/rustwide/workdir" "-m" "1610612736" "--user" "0:0" "--network" "none" "rustops/crates-build-env@sha256:d92eaeed33fa75130ca1ee6c8a01d1ffb62bac859dfdfb3450e3e5d1c0146529" "/opt/rustwide/cargo-home/bin/cargo" "+af3c6e733a40e671550e0f0f5aeecaa13772ba56" "check" "--frozen" "--all" "--all-targets" "--message-format=json", kill_on_drop: false }`
[INFO] [stdout] 69c73d6a90618cdfaddde46d549095f5ad11db5a6867577499bad38cc23630fc
[INFO] [stderr] WARNING: Your kernel does not support swap limit capabilities or the cgroup is not mounted. Memory limited without swap.
[INFO] running `Command { std: "docker" "start" "-a" "69c73d6a90618cdfaddde46d549095f5ad11db5a6867577499bad38cc23630fc", kill_on_drop: false }`
[INFO] [stderr]     Checking cfg-if v0.1.10
[INFO] [stderr]     Checking lazy_static v1.4.0
[INFO] [stderr]    Compiling maybe-uninit v2.0.0
[INFO] [stderr]     Checking scopeguard v1.1.0
[INFO] [stderr]    Compiling cc v1.0.59
[INFO] [stderr]     Checking tinyvec v0.3.4
[INFO] [stderr]    Compiling native-tls v0.2.4
[INFO] [stderr]     Checking openssl-probe v0.1.2
[INFO] [stderr]     Checking sha1 v0.6.0
[INFO] [stderr]    Compiling crossbeam-utils v0.7.2
[INFO] [stderr]    Compiling memoffset v0.5.5
[INFO] [stderr]    Compiling crossbeam-epoch v0.8.2
[INFO] [stderr]     Checking iovec v0.1.4
[INFO] [stderr]     Checking num_cpus v1.13.0
[INFO] [stderr]     Checking rand_os v0.1.3
[INFO] [stderr]     Checking lock_api v0.3.4
[INFO] [stderr]     Checking log v0.4.11
[INFO] [stderr]     Checking net2 v0.2.35
[INFO] [stderr]     Checking bytes v0.4.12
[INFO] [stderr]     Checking rand v0.6.5
[INFO] [stderr]     Checking log v0.3.9
[INFO] [stderr]     Checking smallvec v0.6.13
[INFO] [stderr]     Checking mio v0.6.22
[INFO] [stderr]     Checking mime v0.2.6
[INFO] [stderr]     Checking unicode-normalization v0.1.13
[INFO] [stderr]     Checking tokio-io v0.1.13
[INFO] [stderr]     Checking parking_lot_core v0.6.2
[INFO] [stderr]     Checking mio-uds v0.6.8
[INFO] [stderr]     Checking tokio-executor v0.1.10
[INFO] [stderr]     Checking crossbeam-queue v0.2.3
[INFO] [stderr]     Checking parking_lot v0.9.0
[INFO] [stderr]     Checking tokio-codec v0.1.2
[INFO] [stderr]     Checking tokio-current-thread v0.1.7
[INFO] [stderr]     Checking tokio-timer v0.2.13
[INFO] [stderr]     Checking tokio-reactor v0.1.12
[INFO] [stderr]     Checking crossbeam-deque v0.7.3
[INFO] [stderr]    Compiling openssl-sys v0.9.58
[INFO] [stderr]     Checking tokio-threadpool v0.1.18
[INFO] [stderr]     Checking tokio-tcp v0.1.4
[INFO] [stderr]     Checking tokio-uds v0.2.7
[INFO] [stderr]     Checking tokio-udp v0.1.6
[INFO] [stderr]     Checking idna v0.1.5
[INFO] [stderr]    Compiling openssl v0.10.30
[INFO] [stderr]     Checking url v1.7.2
[INFO] [stderr]     Checking tokio-fs v0.1.7
[INFO] [stderr]     Checking tokio v0.1.22
[INFO] [stderr]     Checking hyper v0.10.16
[INFO] [stderr]     Checking tokio-tls v0.2.1
[INFO] [stderr]     Checking websocket v0.22.4
[INFO] [stderr]     Checking omnistreams v0.1.0 (/opt/rustwide/workdir)
[INFO] [stdout] error[E0432]: unresolved imports `omnistreams::Acceptor`, `omnistreams::WebSocketAcceptorBuilder`
[INFO] [stdout]  --> examples/websocket_to_file.rs:2:40
[INFO] [stdout]   |
[INFO] [stdout] 2 |     Producer, Transport, EventEmitter, Acceptor, WebSocketAcceptorBuilder,
[INFO] [stdout]   |                                        ^^^^^^^^  ^^^^^^^^^^^^^^^^^^^^^^^^ no `WebSocketAcceptorBuilder` in the root
[INFO] [stdout]   |                                        |
[INFO] [stdout]   |                                        no `Acceptor` in the root
[INFO] [stdout] 
[INFO] [stdout] 
[INFO] [stdout] error[E0432]: unresolved imports `omnistreams::Acceptor`, `omnistreams::WebSocketAcceptorBuilder`
[INFO] [stdout]  --> examples/websocket_acceptor.rs:1:19
[INFO] [stdout]   |
[INFO] [stdout] 1 | use omnistreams::{Acceptor, WebSocketAcceptorBuilder};
[INFO] [stdout]   |                   ^^^^^^^^  ^^^^^^^^^^^^^^^^^^^^^^^^ no `WebSocketAcceptorBuilder` in the root
[INFO] [stdout]   |                   |
[INFO] [stdout]   |                   no `Acceptor` in the root
[INFO] [stdout] 
[INFO] [stdout] 
[INFO] [stdout] error[E0023]: this pattern has 1 field, but the corresponding tuple variant has 2 fields
[INFO] [stdout]   --> examples/websocket_to_file.rs:36:13
[INFO] [stdout]    |
[INFO] [stdout] 36 |             MultiplexerEvent::Conduit(producer) => {
[INFO] [stdout]    |             ^^^^^^^^^^^^^^^^^^^^^^^^^^^^^^^^^^^ expected 2 fields, found 1
[INFO] [stdout]    | 
[INFO] [stdout]   ::: /opt/rustwide/workdir/src/multiplexer.rs:28:5
[INFO] [stdout]    |
[INFO] [stdout] 28 |     Conduit(P, Message),
[INFO] [stdout]    |     ------------------- tuple variant defined here
[INFO] [stdout] 
[INFO] [stdout] 
[INFO] [stdout] error[E0432]: unresolved imports `omnistreams::Acceptor`, `omnistreams::WebSocketAcceptorBuilder`
[INFO] [stdout]  --> examples/websocket_multiplexer.rs:2:40
[INFO] [stdout]   |
[INFO] [stdout] 2 |     Producer, Transport, EventEmitter, Acceptor, WebSocketAcceptorBuilder,
[INFO] [stdout]   |                                        ^^^^^^^^  ^^^^^^^^^^^^^^^^^^^^^^^^ no `WebSocketAcceptorBuilder` in the root
[INFO] [stdout]   |                                        |
[INFO] [stdout]   |                                        no `Acceptor` in the root
[INFO] [stdout] 
[INFO] [stdout] 
[INFO] [stdout] error[E0432]: unresolved imports `omnistreams::ReadAdapter`, `omnistreams::pipe`
[INFO] [stdout]  --> examples/tcp_pipe.rs:1:19
[INFO] [stdout]   |
[INFO] [stdout] 1 | use omnistreams::{ReadAdapter, WriteAdapter, pipe};
[INFO] [stdout]   |                   ^^^^^^^^^^^                ^^^^ no `pipe` in the root
[INFO] [stdout]   |                   |
[INFO] [stdout]   |                   no `ReadAdapter` in the root
[INFO] [stdout] 
[INFO] [stdout] 
[INFO] [stdout] error[E0432]: unresolved import `omnistreams::ReadAdapter`
[INFO] [stdout]  --> examples/file_copy.rs:1:29
[INFO] [stdout]   |
[INFO] [stdout] 1 | use omnistreams::{Producer, ReadAdapter, WriteAdapter};
[INFO] [stdout]   |                             ^^^^^^^^^^^ no `ReadAdapter` in the root
[INFO] [stdout] 
[INFO] [stdout] 
[INFO] [stdout] warning: unused import: `tokio::prelude`
[INFO] [stdout]  --> examples/websocket_acceptor.rs:3:5
[INFO] [stdout]   |
[INFO] [stdout] 3 | use tokio::prelude::*;
[INFO] [stdout]   |     ^^^^^^^^^^^^^^
[INFO] [stdout]   |
[INFO] [stdout]   = note: `#[warn(unused_imports)]` on by default
[INFO] [stdout] 
[INFO] [stdout] 
[INFO] [stdout] warning: unused import: `Producer`
[INFO] [stdout]  --> examples/websocket_to_file.rs:2:5
[INFO] [stdout]   |
[INFO] [stdout] 2 |     Producer, Transport, EventEmitter, Acceptor, WebSocketAcceptorBuilder,
[INFO] [stdout]   |     ^^^^^^^^
[INFO] [stdout]   |
[INFO] [stdout]   = note: `#[warn(unused_imports)]` on by default
[INFO] [stdout] 
[INFO] [stdout] 
[INFO] [stdout] error: aborting due to previous error; 1 warning emitted
[INFO] [stdout] 
[INFO] [stdout] 
[INFO] [stdout] For more information about this error, try `rustc --explain E0432`.
[INFO] [stdout] 
[INFO] [stdout] warning: unused import: `Producer`
[INFO] [stdout]  --> examples/file_copy.rs:1:19
[INFO] [stdout]   |
[INFO] [stdout] 1 | use omnistreams::{Producer, ReadAdapter, WriteAdapter};
[INFO] [stdout]   |                   ^^^^^^^^
[INFO] [stdout]   |
[INFO] [stdout]   = note: `#[warn(unused_imports)]` on by default
[INFO] [stdout] 
[INFO] [stdout] 
[INFO] [stdout] error: aborting due to 2 previous errors; 1 warning emitted
[INFO] [stdout] 
[INFO] [stdout] 
[INFO] [stdout] Some errors have detailed explanations: E0023, E0432.
[INFO] [stdout] 
[INFO] [stdout] For more information about an error, try `rustc --explain E0023`.
[INFO] [stdout] 
[INFO] [stderr] error: could not compile `omnistreams`.
[INFO] [stderr] 
[INFO] [stderr] To learn more, run the command again with --verbose.
[INFO] [stderr] warning: build failed, waiting for other jobs to finish...
[INFO] [stdout] error[E0023]: this pattern has 1 field, but the corresponding tuple variant has 2 fields
[INFO] [stdout]   --> examples/websocket_multiplexer.rs:36:13
[INFO] [stdout]    |
[INFO] [stdout] 36 |             MultiplexerEvent::Conduit(producer) => {
[INFO] [stdout]    |             ^^^^^^^^^^^^^^^^^^^^^^^^^^^^^^^^^^^ expected 2 fields, found 1
[INFO] [stdout]    | 
[INFO] [stdout]   ::: /opt/rustwide/workdir/src/multiplexer.rs:28:5
[INFO] [stdout]    |
[INFO] [stdout] 28 |     Conduit(P, Message),
[INFO] [stdout]    |     ------------------- tuple variant defined here
[INFO] [stdout] 
[INFO] [stdout] 
[INFO] [stdout] error: aborting due to 2 previous errors
[INFO] [stdout] 
[INFO] [stdout] 
[INFO] [stdout] Some errors have detailed explanations: E0023, E0432.
[INFO] [stdout] 
[INFO] [stdout] For more information about an error, try `rustc --explain E0023`.
[INFO] [stdout] 
[INFO] [stdout] error: aborting due to previous error
[INFO] [stdout] 
[INFO] [stdout] 
[INFO] [stdout] For more information about this error, try `rustc --explain E0432`.
[INFO] [stdout] 
[INFO] [stdout] error: aborting due to previous error; 1 warning emitted
[INFO] [stdout] 
[INFO] [stdout] 
[INFO] [stdout] For more information about this error, try `rustc --explain E0432`.
[INFO] [stdout] 
[INFO] [stdout] error[E0599]: no method named `pipe_conduit` found for struct `RangeProducer` in the current scope
[INFO] [stdout]   --> examples/squares_to_file.rs:21:14
[INFO] [stdout]    |
[INFO] [stdout] 21 |             .pipe_conduit(MapConduit::new(|x| x*x))
[INFO] [stdout]    |              ^^^^^^^^^^^^ method not found in `RangeProducer`
[INFO] [stdout] 
[INFO] [stdout] 
[INFO] [stdout] error: aborting due to previous error
[INFO] [stdout] 
[INFO] [stdout] 
[INFO] [stdout] For more information about this error, try `rustc --explain E0599`.
[INFO] [stdout] 
[INFO] [stderr] error: build failed
[INFO] running `Command { std: "docker" "inspect" "69c73d6a90618cdfaddde46d549095f5ad11db5a6867577499bad38cc23630fc", kill_on_drop: false }`
[INFO] running `Command { std: "docker" "rm" "-f" "69c73d6a90618cdfaddde46d549095f5ad11db5a6867577499bad38cc23630fc", kill_on_drop: false }`
[INFO] [stdout] 69c73d6a90618cdfaddde46d549095f5ad11db5a6867577499bad38cc23630fc
